{"id":11,"date":"2019-02-14T15:26:23","date_gmt":"2019-02-14T15:26:23","guid":{"rendered":"https:\/\/santacruz.ces.uc.pt\/?page_id=11"},"modified":"2022-10-06T15:30:39","modified_gmt":"2022-10-06T15:30:39","slug":"resumo","status":"publish","type":"page","link":"https:\/\/santacruz.ces.uc.pt\/?page_id=11","title":{"rendered":"RESUMO"},"content":{"rendered":"\t\t<div data-elementor-type=\"wp-post\" data-elementor-id=\"11\" class=\"elementor elementor-11\">\n\t\t\t\t\t\t<section class=\"elementor-section elementor-top-section elementor-element elementor-element-33db201 elementor-section-boxed elementor-section-height-default elementor-section-height-default\" data-id=\"33db201\" data-element_type=\"section\">\n\t\t\t\t\t\t<div class=\"elementor-container elementor-column-gap-default\">\n\t\t\t\t\t<div class=\"elementor-column elementor-col-100 elementor-top-column elementor-element elementor-element-2e81210\" data-id=\"2e81210\" data-element_type=\"column\">\n\t\t\t<div class=\"elementor-widget-wrap elementor-element-populated\">\n\t\t\t\t\t\t<div class=\"elementor-element elementor-element-96e25d8 elementor-widget elementor-widget-text-editor\" data-id=\"96e25d8\" data-element_type=\"widget\" data-widget_type=\"text-editor.default\">\n\t\t\t\t<div class=\"elementor-widget-container\">\n\t\t\t\t\t\t\t<p class=\"p1\"><span class=\"s1\">O Projeto SANTA CRUZ teve como objetivo estudar o antigo Mosteiro de Santa Cruz, uma das principais casas religiosas portuguesas, e a sua situa\u00e7\u00e3o em 1834, ano em que foram extintas as ordens religiosas e o seu patrim\u00f3nio foi integrado no Estado, vendido ou enviado para museus. Como consequ\u00eancia, partes importantes do antigo mosteiro foram destru\u00eddas nas d\u00e9cadas seguintes. O edif\u00edcio da C\u00e2mara Municipal, hoje lado-a-lado com a igreja mon\u00e1stica, foi constru\u00eddo em 1876-79 sobre o claustro renascentista de entrada. Outros elementos se perderam, casos da biblioteca e do dormit\u00f3rio renascentistas e da imponente torre sineira, derrubada em 1935.\u00a0<\/span><\/p><p class=\"p1\"><span class=\"s1\">Nem a maioria dos conimbricenses, nem os visitantes externos, t\u00eam hoje no\u00e7\u00e3o da magnific\u00eancia passada do mosteiro, localizado no cora\u00e7\u00e3o da Baixa de Coimbra. O Mosteiro de Santa Cruz foi tamb\u00e9m central na evolu\u00e7\u00e3o urbana da cidade, presidindo \u00e0 ampla Rua de Santa Sofia, a rua renascentista dos col\u00e9gios, com 200 bra\u00e7as de comprimento e 6 bra\u00e7as de largura. No in\u00edcio do s\u00e9culo XX, foi sobre o antigo vale de Santa Cruz que se abriu a principal art\u00e9ria de Coimbra, a Avenida S\u00e1 da Bandeira, verdadeiro boulevard que ligou a Baixa \u00e0 nova cidade alta.<\/span><\/p>\t\t\t\t\t\t<\/div>\n\t\t\t\t<\/div>\n\t\t\t\t\t<\/div>\n\t\t<\/div>\n\t\t\t\t\t<\/div>\n\t\t<\/section>\n\t\t\t\t<section class=\"elementor-section elementor-top-section elementor-element elementor-element-20d73db elementor-section-stretched elementor-section-full_width elementor-section-height-default elementor-section-height-default\" data-id=\"20d73db\" data-element_type=\"section\" data-settings=\"{&quot;stretch_section&quot;:&quot;section-stretched&quot;}\">\n\t\t\t\t\t\t<div class=\"elementor-container elementor-column-gap-default\">\n\t\t\t\t\t<div class=\"elementor-column elementor-col-100 elementor-top-column elementor-element elementor-element-7a639a9\" data-id=\"7a639a9\" data-element_type=\"column\">\n\t\t\t<div class=\"elementor-widget-wrap elementor-element-populated\">\n\t\t\t\t\t\t<div class=\"elementor-element elementor-element-1d41acb elementor-widget elementor-widget-image\" data-id=\"1d41acb\" data-element_type=\"widget\" data-widget_type=\"image.default\">\n\t\t\t\t<div class=\"elementor-widget-container\">\n\t\t\t\t\t\t\t\t\t\t\t\t\t<img fetchpriority=\"high\" decoding=\"async\" width=\"1019\" height=\"684\" src=\"https:\/\/santacruz.ces.uc.pt\/wp-content\/uploads\/2019\/03\/039a-CMANGA.png\" class=\"attachment-large size-large wp-image-205\" alt=\"\" \/>\t\t\t\t\t\t\t\t\t\t\t\t\t<\/div>\n\t\t\t\t<\/div>\n\t\t\t\t\t<\/div>\n\t\t<\/div>\n\t\t\t\t\t<\/div>\n\t\t<\/section>\n\t\t\t\t<section class=\"elementor-section elementor-top-section elementor-element elementor-element-79fc119 elementor-section-boxed elementor-section-height-default elementor-section-height-default\" data-id=\"79fc119\" data-element_type=\"section\">\n\t\t\t\t\t\t<div class=\"elementor-container elementor-column-gap-default\">\n\t\t\t\t\t<div class=\"elementor-column elementor-col-50 elementor-top-column elementor-element elementor-element-8375f76\" data-id=\"8375f76\" data-element_type=\"column\">\n\t\t\t<div class=\"elementor-widget-wrap elementor-element-populated\">\n\t\t\t\t\t\t<div class=\"elementor-element elementor-element-2797249 elementor-widget elementor-widget-text-editor\" data-id=\"2797249\" data-element_type=\"widget\" data-widget_type=\"text-editor.default\">\n\t\t\t\t<div class=\"elementor-widget-container\">\n\t\t\t\t\t\t\t<p>O Projeto SANTACRUZ, sedeado no CES-UC e no DARQ-FCTUC, teve como objetivo recolher e sistematizar a informa\u00e7\u00e3o documental e iconogr\u00e1fica sobre a hist\u00f3ria arquitet\u00f3nica do mosteiro. Paralelamente, elabor\u00e1mos uma reconstitui\u00e7\u00e3o digital 3D to mosteiro em 1834 incluindo partes hoje desparecidas, casos da fachada do mosteiro, dos claustros da Portaria e da Manga, do dormit\u00f3rio, da biblioteca e da torre dos sinos. Tent\u00e1mos tamb\u00e9m reconstituir a disposi\u00e7\u00e3o original do magn\u00edfico conjunto escult\u00f3rico da \u201c\u00daltima Ceia\u201d, de Hodart, que presidia ao refeit\u00f3rio e que hoje se exp\u00f5e no Museu Nacional Machado de Castro.<\/p><p>Os modelos 3D poder\u00e3o ser visualizados com recurso <span class=\"s2\">a <i>smartphones<\/i> ou <i>tablets<\/i><\/span> <span class=\"s2\">ativando <i>QR Codes<\/i><\/span> <span class=\"s2\">colocados no local, em sete <i>\u201chotspots\u201d,<\/i> explorando os conceitos de\u00a0\u201cVR\/Realidade Virtual\u201d e \u201cAR\/Realidade Aumentada\u201d.<\/span><\/p><p class=\"p1\"><span class=\"s2\">Paralelamente, desenvolvemos projetos de reabilita\u00e7\u00e3o e<\/span>\u00a0reformula\u00e7\u00e3o do mosteiro atual e da \u00e1rea envolvente, contemplando a instala\u00e7\u00e3o de um centro interpretativo e museol\u00f3gico, de modo a despoletar o debate p\u00fablico sobre o futuro desta \u00e1rea, absolutamente central para o desenvolvimento da cidade.<\/p><p>O Projeto SANTA CRUZ (POCI-01-0145-FEDER-030704) <span class=\"s1\">teve in\u00edcio <\/span><span class=\"s2\">a 1 de Julho<\/span> <span class=\"s1\">de 2018 e <\/span><span class=\"s3\">decorreu at\u00e9 <\/span><span class=\"s2\">30 de Junho<\/span><span class=\"s3\"> de 2022.<\/span><\/p>\t\t\t\t\t\t<\/div>\n\t\t\t\t<\/div>\n\t\t\t\t\t<\/div>\n\t\t<\/div>\n\t\t\t\t<div class=\"elementor-column elementor-col-50 elementor-top-column elementor-element elementor-element-2c05e5b\" data-id=\"2c05e5b\" data-element_type=\"column\">\n\t\t\t<div class=\"elementor-widget-wrap elementor-element-populated\">\n\t\t\t\t\t\t<div class=\"elementor-element elementor-element-efea1ce elementor-widget elementor-widget-image\" data-id=\"efea1ce\" data-element_type=\"widget\" data-widget_type=\"image.default\">\n\t\t\t\t<div class=\"elementor-widget-container\">\n\t\t\t\t\t\t\t\t\t\t\t\t\t<img decoding=\"async\" width=\"768\" height=\"1024\" src=\"https:\/\/santacruz.ces.uc.pt\/wp-content\/uploads\/2019\/03\/IMG_20181112_104839.png\" class=\"attachment-large size-large wp-image-209\" alt=\"\" \/>\t\t\t\t\t\t\t\t\t\t\t\t\t<\/div>\n\t\t\t\t<\/div>\n\t\t\t\t\t<\/div>\n\t\t<\/div>\n\t\t\t\t\t<\/div>\n\t\t<\/section>\n\t\t\t\t<\/div>\n\t\t","protected":false},"excerpt":{"rendered":"<p>O Projeto SANTA CRUZ teve como objetivo estudar o antigo Mosteiro de Santa Cruz, uma das principais casas religiosas portuguesas, [&hellip;]<\/p>\n","protected":false},"author":1,"featured_media":0,"parent":0,"menu_order":0,"comment_status":"closed","ping_status":"closed","template":"page-templates\/template_fullwidth.php","meta":{"footnotes":""},"_links":{"self":[{"href":"https:\/\/santacruz.ces.uc.pt\/index.php?rest_route=\/wp\/v2\/pages\/11"}],"collection":[{"href":"https:\/\/santacruz.ces.uc.pt\/index.php?rest_route=\/wp\/v2\/pages"}],"about":[{"href":"https:\/\/santacruz.ces.uc.pt\/index.php?rest_route=\/wp\/v2\/types\/page"}],"author":[{"embeddable":true,"href":"https:\/\/santacruz.ces.uc.pt\/index.php?rest_route=\/wp\/v2\/users\/1"}],"replies":[{"embeddable":true,"href":"https:\/\/santacruz.ces.uc.pt\/index.php?rest_route=%2Fwp%2Fv2%2Fcomments&post=11"}],"version-history":[{"count":28,"href":"https:\/\/santacruz.ces.uc.pt\/index.php?rest_route=\/wp\/v2\/pages\/11\/revisions"}],"predecessor-version":[{"id":1557,"href":"https:\/\/santacruz.ces.uc.pt\/index.php?rest_route=\/wp\/v2\/pages\/11\/revisions\/1557"}],"wp:attachment":[{"href":"https:\/\/santacruz.ces.uc.pt\/index.php?rest_route=%2Fwp%2Fv2%2Fmedia&parent=11"}],"curies":[{"name":"wp","href":"https:\/\/api.w.org\/{rel}","templated":true}]}}

<div data-elementor-type="wp-post" data-elementor-id="11" class="elementor elementor-11">
						<section class="elementor-section elementor-top-section elementor-element elementor-element-33db201 elementor-section-boxed elementor-section-height-default elementor-section-height-default" data-id="33db201" data-element_type="section">
						<div class="elementor-container elementor-column-gap-default">
					<div class="elementor-column elementor-col-100 elementor-top-column elementor-element elementor-element-2e81210" data-id="2e81210" data-element_type="column">
			<div class="elementor-widget-wrap elementor-element-populated">
						<div class="elementor-element elementor-element-96e25d8 elementor-widget elementor-widget-text-editor" data-id="96e25d8" data-element_type="widget" data-widget_type="text-editor.default">
				<div class="elementor-widget-container">
							<p class="p1"><span class="s1">O Projeto SANTA CRUZ teve como objetivo estudar o antigo Mosteiro de Santa Cruz, uma das principais casas religiosas portuguesas, e a sua situação em 1834, ano em que foram extintas as ordens religiosas e o seu património foi integrado no Estado, vendido ou enviado para museus. Como consequência, partes importantes do antigo mosteiro foram destruídas nas décadas seguintes. O edifício da Câmara Municipal, hoje lado-a-lado com a igreja monástica, foi construído em 1876-79 sobre o claustro renascentista de entrada. Outros elementos se perderam, casos da biblioteca e do dormitório renascentistas e da imponente torre sineira, derrubada em 1935. </span></p><p class="p1"><span class="s1">Nem a maioria dos conimbricenses, nem os visitantes externos, têm hoje noção da magnificência passada do mosteiro, localizado no coração da Baixa de Coimbra. O Mosteiro de Santa Cruz foi também central na evolução urbana da cidade, presidindo à ampla Rua de Santa Sofia, a rua renascentista dos colégios, com 200 braças de comprimento e 6 braças de largura. No início do século XX, foi sobre o antigo vale de Santa Cruz que se abriu a principal artéria de Coimbra, a Avenida Sá da Bandeira, verdadeiro boulevard que ligou a Baixa à nova cidade alta.</span></p>						</div>
				</div>
					</div>
		</div>
					</div>
		</section>
				<section class="elementor-section elementor-top-section elementor-element elementor-element-20d73db elementor-section-stretched elementor-section-full_width elementor-section-height-default elementor-section-height-default" data-id="20d73db" data-element_type="section" data-settings="{&quot;stretch_section&quot;:&quot;section-stretched&quot;}">
						<div class="elementor-container elementor-column-gap-default">
					<div class="elementor-column elementor-col-100 elementor-top-column elementor-element elementor-element-7a639a9" data-id="7a639a9" data-element_type="column">
			<div class="elementor-widget-wrap elementor-element-populated">
						<div class="elementor-element elementor-element-1d41acb elementor-widget elementor-widget-image" data-id="1d41acb" data-element_type="widget" data-widget_type="image.default">
				<div class="elementor-widget-container">
													<img fetchpriority="high" decoding="async" width="1019" height="684" src="https://santacruz.ces.uc.pt/wp-content/uploads/2019/03/039a-CMANGA.png" class="attachment-large size-large wp-image-205" alt="" />													</div>
				</div>
					</div>
		</div>
					</div>
		</section>
				<section class="elementor-section elementor-top-section elementor-element elementor-element-79fc119 elementor-section-boxed elementor-section-height-default elementor-section-height-default" data-id="79fc119" data-element_type="section">
						<div class="elementor-container elementor-column-gap-default">
					<div class="elementor-column elementor-col-50 elementor-top-column elementor-element elementor-element-8375f76" data-id="8375f76" data-element_type="column">
			<div class="elementor-widget-wrap elementor-element-populated">
						<div class="elementor-element elementor-element-2797249 elementor-widget elementor-widget-text-editor" data-id="2797249" data-element_type="widget" data-widget_type="text-editor.default">
				<div class="elementor-widget-container">
							<p>O Projeto SANTACRUZ, sedeado no CES-UC e no DARQ-FCTUC, teve como objetivo recolher e sistematizar a informação documental e iconográfica sobre a história arquitetónica do mosteiro. Paralelamente, elaborámos uma reconstituição digital 3D to mosteiro em 1834 incluindo partes hoje desparecidas, casos da fachada do mosteiro, dos claustros da Portaria e da Manga, do dormitório, da biblioteca e da torre dos sinos. Tentámos também reconstituir a disposição original do magnífico conjunto escultórico da “Última Ceia”, de Hodart, que presidia ao refeitório e que hoje se expõe no Museu Nacional Machado de Castro.</p><p>Os modelos 3D poderão ser visualizados com recurso <span class="s2">a <i>smartphones</i> ou <i>tablets</i></span> <span class="s2">ativando <i>QR Codes</i></span> <span class="s2">colocados no local, em sete <i>“hotspots”,</i> explorando os conceitos de “VR/Realidade Virtual” e “AR/Realidade Aumentada”.</span></p><p class="p1"><span class="s2">Paralelamente, desenvolvemos projetos de reabilitação e</span> reformulação do mosteiro atual e da área envolvente, contemplando a instalação de um centro interpretativo e museológico, de modo a despoletar o debate público sobre o futuro desta área, absolutamente central para o desenvolvimento da cidade.</p><p>O Projeto SANTA CRUZ (POCI-01-0145-FEDER-030704) <span class="s1">teve início </span><span class="s2">a 1 de Julho</span> <span class="s1">de 2018 e </span><span class="s3">decorreu até </span><span class="s2">30 de Junho</span><span class="s3"> de 2022.</span></p>						</div>
				</div>
					</div>
		</div>
				<div class="elementor-column elementor-col-50 elementor-top-column elementor-element elementor-element-2c05e5b" data-id="2c05e5b" data-element_type="column">
			<div class="elementor-widget-wrap elementor-element-populated">
						<div class="elementor-element elementor-element-efea1ce elementor-widget elementor-widget-image" data-id="efea1ce" data-element_type="widget" data-widget_type="image.default">
				<div class="elementor-widget-container">
													<img decoding="async" width="768" height="1024" src="https://santacruz.ces.uc.pt/wp-content/uploads/2019/03/IMG_20181112_104839.png" class="attachment-large size-large wp-image-209" alt="" />													</div>
				</div>
					</div>
		</div>
					</div>
		</section>
				</div>
